{"id":983,"date":"2026-05-05T12:29:46","date_gmt":"2026-05-05T10:29:46","guid":{"rendered":"https:\/\/sohya.art\/?post_type=product&#038;p=983"},"modified":"2026-05-05T12:31:44","modified_gmt":"2026-05-05T10:31:44","slug":"983","status":"publish","type":"product","link":"https:\/\/sohya.art\/index.php\/produkt\/983\/","title":{"rendered":"NIEBO"},"content":{"rendered":"","protected":false},"excerpt":{"rendered":"<section class=\"text-token-text-primary w-full focus:outline-none [--shadow-height:45px] has-data-writing-block:pointer-events-none has-data-writing-block:-mt-(--shadow-height) has-data-writing-block:pt-(--shadow-height) [&amp;:has([data-writing-block])&gt;*]:pointer-events-auto R6Vx5W_threadScrollVars scroll-mb-[calc(var(--scroll-root-safe-area-inset-bottom,0px)+var(--thread-response-height))] scroll-mt-(--header-height)\" dir=\"auto\" data-turn-id=\"ee627ffb-b915-4364-951e-00c6a593994b\" data-testid=\"conversation-turn-1\" data-scroll-anchor=\"false\" data-turn=\"user\">\n<div class=\"text-base my-auto mx-auto pt-3 [--thread-content-margin:var(--thread-content-margin-xs,calc(var(--spacing)*4))] @w-sm\/main:[--thread-content-margin:var(--thread-content-margin-sm,calc(var(--spacing)*6))] @w-lg\/main:[--thread-content-margin:var(--thread-content-margin-lg,calc(var(--spacing)*16))] px-(--thread-content-margin)\">\n<div class=\"[--thread-content-max-width:40rem] @w-lg\/main:[--thread-content-max-width:48rem] mx-auto max-w-(--thread-content-max-width) flex-1 group\/turn-messages focus-visible:outline-hidden relative flex w-full min-w-0 flex-col\">\n<div class=\"flex max-w-full flex-col gap-4 grow\">\n<div class=\"min-h-8 text-message relative flex w-full flex-col items-end gap-2 text-start break-words whitespace-normal outline-none keyboard-focused:focus-ring [.text-message+&amp;]:mt-1\" dir=\"auto\" data-message-author-role=\"user\" data-message-id=\"ee627ffb-b915-4364-951e-00c6a593994b\">\n<div class=\"flex w-full flex-col gap-1 empty:hidden items-end rtl:items-start\">\n<div class=\"user-message-bubble-color corner-superellipse\/0.98 relative min-w-0 rounded-[22px] px-4 py-2.5 leading-6 max-w-(--user-chat-width,70%)\">\n<div class=\"[overflow-wrap:anywhere] whitespace-pre-wrap\"><strong data-start=\"152\" data-end=\"211\">&#x2728;&#x1f499;&#x2728;Podw\u00f3jny naszyjnik z lapis lazuli i szklanych koralik\u00f3w&#x1f499;&#x2728;&#x1f499;<\/strong><\/div>\n<\/div>\n<\/div>\n<\/div>\n<\/div>\n<\/div>\n<\/div>\n<\/section>\n<section class=\"text-token-text-primary w-full focus:outline-none [--shadow-height:45px] has-data-writing-block:pointer-events-none has-data-writing-block:-mt-(--shadow-height) has-data-writing-block:pt-(--shadow-height) [&amp;:has([data-writing-block])&gt;*]:pointer-events-auto [content-visibility:auto] supports-[content-visibility:auto]:[contain-intrinsic-size:auto_100lvh] R6Vx5W_threadScrollVars scroll-mb-[calc(var(--scroll-root-safe-area-inset-bottom,0px)+var(--thread-response-height))] scroll-mt-[calc(var(--header-height)+min(200px,max(70px,20svh)))]\" dir=\"auto\" data-turn-id=\"request-WEB:30c78d2a-c276-48ce-ba52-54c8c461336a-4\" data-testid=\"conversation-turn-10\" data-scroll-anchor=\"false\" data-turn=\"assistant\">\n<div class=\"text-base my-auto mx-auto pb-10 [--thread-content-margin:var(--thread-content-margin-xs,calc(var(--spacing)*4))] @w-sm\/main:[--thread-content-margin:var(--thread-content-margin-sm,calc(var(--spacing)*6))] @w-lg\/main:[--thread-content-margin:var(--thread-content-margin-lg,calc(var(--spacing)*16))] px-(--thread-content-margin)\">\n<div class=\"[--thread-content-max-width:40rem] @w-lg\/main:[--thread-content-max-width:48rem] mx-auto max-w-(--thread-content-max-width) flex-1 group\/turn-messages focus-visible:outline-hidden relative flex w-full min-w-0 flex-col agent-turn\">\n<div class=\"flex max-w-full flex-col gap-4 grow\">\n<div class=\"min-h-8 text-message relative flex w-full flex-col items-end gap-2 text-start break-words whitespace-normal outline-none keyboard-focused:focus-ring [.text-message+&amp;]:mt-1\" dir=\"auto\" tabindex=\"0\" data-message-author-role=\"assistant\" data-message-id=\"79c1ed35-e7a5-47c3-ae4f-b55f4f835d98\" data-message-model-slug=\"gpt-5-3-mini\" data-turn-start-message=\"true\">\n<div class=\"flex w-full flex-col gap-1 empty:hidden\">\n<div class=\"markdown prose dark:prose-invert w-full wrap-break-word light markdown-new-styling\">\n<p data-start=\"213\" data-end=\"478\">Delikatny, a jednocze\u015bnie wyrazisty podw\u00f3jny naszyjnik wykonany ze szklanych koralik\u00f3w oraz naturalnych kamieni lapis lazuli o \u015brednicy ok. 3 mm. Warstwowa forma nadaje mu lekko\u015bci i nowoczesnego charakteru, jednocze\u015bnie podkre\u015blaj\u0105c elegancki, r\u0119kodzielniczy styl.<\/p>\n<p data-start=\"480\" data-end=\"824\"><strong data-start=\"480\" data-end=\"496\">&#x1f499;Lapis lazuli<\/strong>\u00a0to kamie\u0144 o g\u0142\u0119bokiej, intensywnie niebieskiej barwie, od wiek\u00f3w ceniony za swoje wyj\u0105tkowe w\u0142a\u015bciwo\u015bci i symbolik\u0119. Ju\u017c w staro\u017cytno\u015bci uwa\u017cano go za kamie\u0144 m\u0105dro\u015bci, prawdy i wewn\u0119trznej harmonii. Jego naturalne z\u0142ote inkluzje pirytu przywodz\u0105 na my\u015bl rozgwie\u017cd\u017cone nocne niebo, dzi\u0119ki czemu ka\u017cdy kamie\u0144 jest niepowtarzalny.<\/p>\n<p data-start=\"1063\" data-end=\"1274\">Podw\u00f3jna konstrukcja sprawia, \u017ce naszyjnik uk\u0142ada si\u0119 efektownie na dekolcie, tworz\u0105c warstwowy, modny efekt, kt\u00f3ry \u015bwietnie sprawdzi si\u0119 zar\u00f3wno w codziennych stylizacjach, jak i bardziej eleganckich zestawach.<\/p>\n<p data-start=\"1276\" data-end=\"1348\">Ka\u017cdy egzemplarz jest unikatowy dzi\u0119ki naturalnym r\u00f3\u017cnicom w kamieniach.<\/p>\n<\/div>\n<\/div>\n<\/div>\n<\/div>\n<\/div>\n<\/div>\n<\/section>\n","protected":false},"featured_media":984,"comment_status":"closed","ping_status":"closed","template":"","meta":[],"product_brand":[],"product_cat":[22],"product_tag":[65,49,137],"class_list":{"0":"post-983","1":"product","2":"type-product","3":"status-publish","4":"has-post-thumbnail","6":"product_cat-naszyjniki","7":"product_tag-kobiecosc","8":"product_tag-lapis-lazuli","9":"product_tag-perly","11":"first","12":"instock","13":"shipping-taxable","14":"purchasable","15":"product-type-simple"},"_links":{"self":[{"href":"https:\/\/sohya.art\/index.php\/wp-json\/wp\/v2\/product\/983","targetHints":{"allow":["GET"]}}],"collection":[{"href":"https:\/\/sohya.art\/index.php\/wp-json\/wp\/v2\/product"}],"about":[{"href":"https:\/\/sohya.art\/index.php\/wp-json\/wp\/v2\/types\/product"}],"replies":[{"embeddable":true,"href":"https:\/\/sohya.art\/index.php\/wp-json\/wp\/v2\/comments?post=983"}],"wp:featuredmedia":[{"embeddable":true,"href":"https:\/\/sohya.art\/index.php\/wp-json\/wp\/v2\/media\/984"}],"wp:attachment":[{"href":"https:\/\/sohya.art\/index.php\/wp-json\/wp\/v2\/media?parent=983"}],"wp:term":[{"taxonomy":"product_brand","embeddable":true,"href":"https:\/\/sohya.art\/index.php\/wp-json\/wp\/v2\/product_brand?post=983"},{"taxonomy":"product_cat","embeddable":true,"href":"https:\/\/sohya.art\/index.php\/wp-json\/wp\/v2\/product_cat?post=983"},{"taxonomy":"product_tag","embeddable":true,"href":"https:\/\/sohya.art\/index.php\/wp-json\/wp\/v2\/product_tag?post=983"}],"curies":[{"name":"wp","href":"https:\/\/api.w.org\/{rel}","templated":true}]}}