{"id":572,"date":"2026-01-21T22:18:23","date_gmt":"2026-01-21T21:18:23","guid":{"rendered":"https:\/\/sohya.art\/?post_type=product&#038;p=572"},"modified":"2026-04-05T06:06:18","modified_gmt":"2026-04-05T04:06:18","slug":"turkus-braz","status":"publish","type":"product","link":"https:\/\/sohya.art\/index.php\/produkt\/turkus-braz\/","title":{"rendered":"TURKUS &#038; BR\u0104Z"},"content":{"rendered":"","protected":false},"excerpt":{"rendered":"<p>kolczyki br\u0105zowo turkusowe z kamieniami naturalnymi :<br \/>\n&#x1f90e; <strong>hematyt<\/strong> utrzymuje r\u00f3wnowag\u0119 i skupienie, zwi\u0119ksza odporno\u015b\u0107<br \/>\n&#x1fa75;<strong>turkus<\/strong> pobudza czakr\u0119 gard\u0142a, co wp\u0142ywa na lepsz\u0105 artykulacj\u0119 odczu\u0107 emocjonalnych. Jest wspieraj\u0105cy przy podejmowaniu zada\u0144 tw\u00f3rczych, poniewa\u017c \u0142\u0105czy inspiracje intuicj\u0119 z autoekspresjia.Turkus pomaga znale\u017a\u0107 w\u0142a\u015bciw\u0105 \u015bcie\u017ck\u0119 \u017cyciow\u0105.<br \/>\n&#x1fa75;<strong>amazonit<\/strong> kamie\u0144 prawdy i odwagi, wspiera komunikacj\u0119 i harmoni\u0119 , przynosi szcz\u0119\u015bcie, wzmacnia intuicj\u0119<\/p>\n<div dir=\"auto\"><\/div>\n","protected":false},"featured_media":573,"comment_status":"closed","ping_status":"closed","template":"","meta":[],"product_brand":[],"product_cat":[24],"product_tag":[84,96,83,46,68,97,98],"class_list":{"0":"post-572","1":"product","2":"type-product","3":"status-publish","4":"has-post-thumbnail","6":"product_cat-kolczyki","7":"product_tag-amazonit","8":"product_tag-boho","9":"product_tag-braz","10":"product_tag-hematyt","11":"product_tag-kolczyki","12":"product_tag-tyrkus","13":"product_tag-wild","15":"first","16":"instock","17":"shipping-taxable","18":"purchasable","19":"product-type-simple"},"_links":{"self":[{"href":"https:\/\/sohya.art\/index.php\/wp-json\/wp\/v2\/product\/572","targetHints":{"allow":["GET"]}}],"collection":[{"href":"https:\/\/sohya.art\/index.php\/wp-json\/wp\/v2\/product"}],"about":[{"href":"https:\/\/sohya.art\/index.php\/wp-json\/wp\/v2\/types\/product"}],"replies":[{"embeddable":true,"href":"https:\/\/sohya.art\/index.php\/wp-json\/wp\/v2\/comments?post=572"}],"wp:featuredmedia":[{"embeddable":true,"href":"https:\/\/sohya.art\/index.php\/wp-json\/wp\/v2\/media\/573"}],"wp:attachment":[{"href":"https:\/\/sohya.art\/index.php\/wp-json\/wp\/v2\/media?parent=572"}],"wp:term":[{"taxonomy":"product_brand","embeddable":true,"href":"https:\/\/sohya.art\/index.php\/wp-json\/wp\/v2\/product_brand?post=572"},{"taxonomy":"product_cat","embeddable":true,"href":"https:\/\/sohya.art\/index.php\/wp-json\/wp\/v2\/product_cat?post=572"},{"taxonomy":"product_tag","embeddable":true,"href":"https:\/\/sohya.art\/index.php\/wp-json\/wp\/v2\/product_tag?post=572"}],"curies":[{"name":"wp","href":"https:\/\/api.w.org\/{rel}","templated":true}]}}