{"id":552,"date":"2026-01-21T13:31:07","date_gmt":"2026-01-21T12:31:07","guid":{"rendered":"https:\/\/sohya.art\/?post_type=product&#038;p=552"},"modified":"2026-02-06T21:57:33","modified_gmt":"2026-02-06T20:57:33","slug":"sosna","status":"publish","type":"product","link":"https:\/\/sohya.art\/index.php\/produkt\/sosna\/","title":{"rendered":"SOSNA"},"content":{"rendered":"","protected":false},"excerpt":{"rendered":"<p>Podw\u00f3jny naszyjnik ze szklanych koralik\u00f3w kobiecy naszyjnik dla odwa\u017cnej i silnej kobiety<br \/>\nKamienie naturalne:<br \/>\n&#x1f49a;Labradoryt\u00a0to kamie\u0144 o silnych w\u0142a\u015bciwo\u015bciach ochronnych, energetyzuj\u0105cych i intuicyjnych,\u00a0 wspiera kreatywno\u015b\u0107, pomaga w redukcji stresu, wzmacnia intuicj\u0119 chroni aur\u0119 przed negatywn\u0105 energi\u0105.<br \/>\n&#x1f49a;Lepidolit dzia\u0142a uspokajaj\u0105co, redukuje stres, napi\u0119cie i pomaga w bezsenno\u015bci. Pomaga w przechodzeniu przez zmiany, wyzwala od na\u0142og\u00f3w i smutku, wspiera jasne my\u015blenie.<br \/>\n&#x1f49a;Malachit kamie\u0144 o silnych w\u0142a\u015bciwo\u015bci ochronnych, harmonizuj\u0105cych i uzdrawiaj\u0105cych, poch\u0142aniaj\u0105cy negatywne energie, wspieraj\u0105cy transformacj\u0119, r\u00f3wnowag\u0119 psychiczn\u0105 ,uspokaja, redukuje l\u0119k.<br \/>\n<img decoding=\"async\" class=\"emoji\" role=\"img\" draggable=\"false\" src=\"https:\/\/s.w.org\/images\/core\/emoji\/17.0.2\/svg\/1f90e.svg\" alt=\"&#x1f90e;\" \/>Piasek pustyni wspieraj\u0105cych pewno\u015b\u0107 siebie, optymizm i redukcj\u0119 stresu.<br \/>\n<img decoding=\"async\" class=\"emoji\" role=\"img\" draggable=\"false\" src=\"https:\/\/s.w.org\/images\/core\/emoji\/17.0.2\/svg\/1f499.svg\" alt=\"&#x1f499;\" \/>Turkus pobudza czakr\u0119 gard\u0142a, co wp\u0142ywa na lepsz\u0105 artykulacj\u0119 odczu\u0107 emocjonalnych. Jest wspieraj\u0105cy przy podejmowaniu zada\u0144 tw\u00f3rczych, poniewa\u017c \u0142\u0105czy inspiracje intuicj\u0119 z autoekspresji\u0105. Turkus pomaga znale\u017a\u0107 w\u0142a\u015bciw\u0105 \u015bcie\u017ck\u0119 \u017cyciow\u0105.<\/p>\n<p>&nbsp;<\/p>\n<p><em>&#x2665; Bi\u017cuteria kt\u00f3r\u0105 tworze jest robiona r\u0119cznie z uwag\u0105, ogromn\u0105 staranno\u015bci\u0105, delikatno\u015bci\u0105 i uwa\u017cno\u015bci\u0105. Jest wyj\u0105tkowa i unikalna mo\u017ce si\u0119 od siebie minimalnie r\u00f3\u017cni\u0107.<\/em><br \/>\n<em>&#x2665; Ka\u017cdy kamie\u0144 naturalny jest inny, tak jak ka\u017cdy cz\u0142owiek jest inny ,stworzony przez natur\u0119.<br \/>\n&#x2665;\u00a0 Je\u017celi marzy Ci si\u0119 bi\u017cuteria na zam\u00f3wienie, napisz do mnie jakie kolory, jakie kamienie s\u0105 Twoje ulubione a ja ch\u0119tnie stworz\u0119 dla Ciebie wyj\u0105tkow\u0105 ,indywidualn\u0105 i dopasowane do twoich potrzeb bi\u017cuteri\u0119.\u00a0<\/em><br \/>\n<em>&#x2665; W zestawie bi\u017cuteria jest taniej, przy\u00a0 zam\u00f3wieniu naszyjnika, podw\u00f3jna bransoletka -15 z\u0142\u00a0<\/em><br \/>\n<em>&#x2665;\u00a0Darmowa przesy\u0142ka od 190 z\u0142.<\/em><\/p>\n<p>&nbsp;<\/p>\n","protected":false},"featured_media":754,"comment_status":"closed","ping_status":"closed","template":"","meta":[],"product_brand":[],"product_cat":[22],"product_tag":[42,70,65,54,86,45,52,56],"class_list":{"0":"post-552","1":"product","2":"type-product","3":"status-publish","4":"has-post-thumbnail","6":"product_cat-naszyjniki","7":"product_tag-kamienie-naturalne","8":"product_tag-kobiece","9":"product_tag-kobiecosc","10":"product_tag-labradoryt","11":"product_tag-lapidolit","12":"product_tag-naszyjnik","13":"product_tag-piasek-pustyni","14":"product_tag-turkus","16":"first","17":"instock","18":"shipping-taxable","19":"purchasable","20":"product-type-simple"},"_links":{"self":[{"href":"https:\/\/sohya.art\/index.php\/wp-json\/wp\/v2\/product\/552","targetHints":{"allow":["GET"]}}],"collection":[{"href":"https:\/\/sohya.art\/index.php\/wp-json\/wp\/v2\/product"}],"about":[{"href":"https:\/\/sohya.art\/index.php\/wp-json\/wp\/v2\/types\/product"}],"replies":[{"embeddable":true,"href":"https:\/\/sohya.art\/index.php\/wp-json\/wp\/v2\/comments?post=552"}],"wp:featuredmedia":[{"embeddable":true,"href":"https:\/\/sohya.art\/index.php\/wp-json\/wp\/v2\/media\/754"}],"wp:attachment":[{"href":"https:\/\/sohya.art\/index.php\/wp-json\/wp\/v2\/media?parent=552"}],"wp:term":[{"taxonomy":"product_brand","embeddable":true,"href":"https:\/\/sohya.art\/index.php\/wp-json\/wp\/v2\/product_brand?post=552"},{"taxonomy":"product_cat","embeddable":true,"href":"https:\/\/sohya.art\/index.php\/wp-json\/wp\/v2\/product_cat?post=552"},{"taxonomy":"product_tag","embeddable":true,"href":"https:\/\/sohya.art\/index.php\/wp-json\/wp\/v2\/product_tag?post=552"}],"curies":[{"name":"wp","href":"https:\/\/api.w.org\/{rel}","templated":true}]}}