{"id":521,"date":"2026-01-20T22:37:33","date_gmt":"2026-01-20T21:37:33","guid":{"rendered":"https:\/\/sohya.art\/?post_type=product&#038;p=521"},"modified":"2026-01-20T22:37:33","modified_gmt":"2026-01-20T21:37:33","slug":"turkus-piasek","status":"publish","type":"product","link":"https:\/\/sohya.art\/index.php\/produkt\/turkus-piasek\/","title":{"rendered":"TURKUS &#038; PIASEK"},"content":{"rendered":"<div dir=\"auto\">Kwarc r\u00f3\u017cowy\u00a0 u\u015bmierza b\u00f3l po zadanych ranach emocjonalnych, wspomaga wykszta\u0142canie mi\u0142o\u015bci do siebie dzi\u0119ki kt\u00f3rej potrafimy bezwarunkowo kocha\u0107 innych<\/div>\n<div dir=\"auto\">\n<div dir=\"auto\">Amazonit\u00a0 kamie\u0144 prawdy i odwagi, wspiera komunikacj\u0119 i harmoni\u0119 , przynosi szcz\u0119\u015bcie, wzmacnia intuicj\u0119<\/div>\n<div dir=\"auto\"><\/div>\n<\/div>\n<div dir=\"auto\"><\/div>\n","protected":false},"excerpt":{"rendered":"<p>wakacyjna podw\u00f3jna bransoletka z zapi\u0119ciem<\/p>\n","protected":false},"featured_media":522,"comment_status":"closed","ping_status":"closed","template":"","meta":[],"product_brand":[],"product_cat":[23,26],"product_tag":[55,41,42,64,75,74],"class_list":{"0":"post-521","1":"product","2":"type-product","3":"status-publish","4":"has-post-thumbnail","6":"product_cat-bransoletki","7":"product_cat-podwojne","8":"product_tag-amaznonit","9":"product_tag-bransoletka","10":"product_tag-kamienie-naturalne","11":"product_tag-kwarc-rozowy","12":"product_tag-morze","13":"product_tag-wakacyjna","15":"first","16":"instock","17":"shipping-taxable","18":"purchasable","19":"product-type-simple"},"_links":{"self":[{"href":"https:\/\/sohya.art\/index.php\/wp-json\/wp\/v2\/product\/521","targetHints":{"allow":["GET"]}}],"collection":[{"href":"https:\/\/sohya.art\/index.php\/wp-json\/wp\/v2\/product"}],"about":[{"href":"https:\/\/sohya.art\/index.php\/wp-json\/wp\/v2\/types\/product"}],"replies":[{"embeddable":true,"href":"https:\/\/sohya.art\/index.php\/wp-json\/wp\/v2\/comments?post=521"}],"wp:featuredmedia":[{"embeddable":true,"href":"https:\/\/sohya.art\/index.php\/wp-json\/wp\/v2\/media\/522"}],"wp:attachment":[{"href":"https:\/\/sohya.art\/index.php\/wp-json\/wp\/v2\/media?parent=521"}],"wp:term":[{"taxonomy":"product_brand","embeddable":true,"href":"https:\/\/sohya.art\/index.php\/wp-json\/wp\/v2\/product_brand?post=521"},{"taxonomy":"product_cat","embeddable":true,"href":"https:\/\/sohya.art\/index.php\/wp-json\/wp\/v2\/product_cat?post=521"},{"taxonomy":"product_tag","embeddable":true,"href":"https:\/\/sohya.art\/index.php\/wp-json\/wp\/v2\/product_tag?post=521"}],"curies":[{"name":"wp","href":"https:\/\/api.w.org\/{rel}","templated":true}]}}