{"id":503,"date":"2026-01-20T21:47:06","date_gmt":"2026-01-20T20:47:06","guid":{"rendered":"https:\/\/sohya.art\/?post_type=product&#038;p=503"},"modified":"2026-02-26T19:38:12","modified_gmt":"2026-02-26T18:38:12","slug":"dwa-serca","status":"publish","type":"product","link":"https:\/\/sohya.art\/index.php\/produkt\/dwa-serca\/","title":{"rendered":"SZEPT MI\u0141O\u015aCI"},"content":{"rendered":"<div dir=\"auto\"><\/div>\n<div dir=\"auto\"><\/div>\n","protected":false},"excerpt":{"rendered":"<p>Subtelny, podw\u00f3jny naszyjnik z drobnych bia\u0142ych szklanych koralik\u00f3w i z\u0142otych akcent\u00f3w oraz kamieni naturalnych.<br \/>\nIdealny do lnianych sukienek i\u00a0 letnich spacer\u00f3w na pla\u017cy przy zachodzie s\u0142o\u0144ca. Serduszka z masy per\u0142owej podkre\u015blaj\u0105 naszyjnik i tworz\u0105 romantyczn\u0105 aur\u0119.<br \/>\n&#x1fa77;Kwarc r\u00f3\u017cowy znany r\u00f3wnie\u017c jako Kamie\u0144 Mi\u0142o\u015bci. Wspiera relacje i empati\u0119 do siebie jak i do bliskich. Jako symbol mi\u0142o\u015bci i przyja\u017ani, mo\u017ce by\u0107 wspania\u0142ym prezentem dla bliskiej osoby lub narz\u0119dziem wspomagaj\u0105cym osobisty rozw\u00f3j emocjonalny. Jego uniwersalno\u015b\u0107 i dost\u0119pno\u015b\u0107 czyni\u0105 go kamieniem, po kt\u00f3ry warto si\u0119gn\u0105\u0107, szukaj\u0105c wsparcia w budowaniu zdrowych relacji.<br \/>\n&#x1f90d;Kamie\u0144 ksi\u0119\u017cycowy kamie\u0144 p\u0142odno\u015bci wzmacnia kobieco\u015b\u0107, pomaga \u0142agodzi\u0107 stres i l\u0119ki, jest kamieniem kt\u00f3ry warto zabra\u0107 ze sob\u0105 w podr\u00f3\u017c<\/p>\n<p><em>&#x2665; Bi\u017cuteria kt\u00f3r\u0105 tworze jest robiona r\u0119cznie z uwag\u0105, ogromn\u0105 staranno\u015bci\u0105, delikatno\u015bci\u0105 i uwa\u017cno\u015bci\u0105. Jest wyj\u0105tkowa i unikalna mo\u017ce si\u0119 od siebie minimalnie r\u00f3\u017cni\u0107.<\/em><br \/>\n<em>&#x2665; Ka\u017cdy kamie\u0144 naturalny jest inny, tak jak ka\u017cdy cz\u0142owiek jest inny ,stworzony przez natur\u0119.<br \/>\n&#x2665;\u00a0 Je\u017celi marzy Ci si\u0119 bi\u017cuteria na zam\u00f3wienie, napisz do mnie jakie kolory, jakie kamienie s\u0105 Twoje ulubione a ja ch\u0119tnie stworz\u0119 dla Ciebie wyj\u0105tkow\u0105 ,indywidualn\u0105 i dopasowane do twoich potrzeb bi\u017cuteri\u0119.\u00a0<\/em><br \/>\n<em>&#x2665; W zestawie bi\u017cuteria jest taniej, przy\u00a0 zam\u00f3wieniu naszyjnika, podw\u00f3jna bransoletka -15 z\u0142\u00a0<\/em><br \/>\n<em>&#x2665;\u00a0Darmowa przesy\u0142ka od 190 z\u0142.<\/em><\/p>\n","protected":false},"featured_media":865,"comment_status":"closed","ping_status":"closed","template":"","meta":[],"product_brand":[],"product_cat":[22],"product_tag":[60,42,65,64,53,45,63],"class_list":{"0":"post-503","1":"product","2":"type-product","3":"status-publish","4":"has-post-thumbnail","6":"product_cat-naszyjniki","7":"product_tag-kamien-ksiezycowy","8":"product_tag-kamienie-naturalne","9":"product_tag-kobiecosc","10":"product_tag-kwarc-rozowy","11":"product_tag-masa-perlowa","12":"product_tag-naszyjnik","13":"product_tag-serce","15":"first","16":"instock","17":"shipping-taxable","18":"purchasable","19":"product-type-simple"},"_links":{"self":[{"href":"https:\/\/sohya.art\/index.php\/wp-json\/wp\/v2\/product\/503","targetHints":{"allow":["GET"]}}],"collection":[{"href":"https:\/\/sohya.art\/index.php\/wp-json\/wp\/v2\/product"}],"about":[{"href":"https:\/\/sohya.art\/index.php\/wp-json\/wp\/v2\/types\/product"}],"replies":[{"embeddable":true,"href":"https:\/\/sohya.art\/index.php\/wp-json\/wp\/v2\/comments?post=503"}],"wp:featuredmedia":[{"embeddable":true,"href":"https:\/\/sohya.art\/index.php\/wp-json\/wp\/v2\/media\/865"}],"wp:attachment":[{"href":"https:\/\/sohya.art\/index.php\/wp-json\/wp\/v2\/media?parent=503"}],"wp:term":[{"taxonomy":"product_brand","embeddable":true,"href":"https:\/\/sohya.art\/index.php\/wp-json\/wp\/v2\/product_brand?post=503"},{"taxonomy":"product_cat","embeddable":true,"href":"https:\/\/sohya.art\/index.php\/wp-json\/wp\/v2\/product_cat?post=503"},{"taxonomy":"product_tag","embeddable":true,"href":"https:\/\/sohya.art\/index.php\/wp-json\/wp\/v2\/product_tag?post=503"}],"curies":[{"name":"wp","href":"https:\/\/api.w.org\/{rel}","templated":true}]}}